hat is 5 - -113?
122
In base 5, what is -300 + -220?
-1020
In base 4, what is 11 - -11013?
11030
In base 8, what is -3 + 1756?
1753
In base 15, what is -7 - -915?
90d
In base 8, what is 1023 - 3?
1020
In base 10, what is 64 + 64?
128
In base 7, what is -4 + 155?
151
In base 4, what is 31 - 12201?
-12110
In base 14, what is 786 + -5?
781
In base 2, what is -10110011 - 1011?
-10111110
In base 7, what is -4 - 2121?
-2125
In base 5, what is 41 - 10?
31
In base 4, what is 33313 - -2?
33321
In base 2, what is -111101 - 11?
-1000000
In base 8, what is -10526 - 5?
-10533
In base 2, what is -10101101100 - -1?
-10101101011
In base 15, what is 51 - -30?
81
In base 8, what is -10314 + -5?
-10321
In base 5, what is 142 - -4?
201
In base 10, what is 0 + -504?
-504
In base 6, what is 4 + 2141?
2145
In base 15, what is -19 - 3?
-1c
In base 10, what is 399 + 2?
401
In base 3, what is -10 + 1002?
222
In base 9, what is -5 + -10508?
-10514
In base 12, what is -1896 + 1?
-1895
In base 13, what is -8916 + 5?
-8911
In base 13, what is -106 - -82?
-54
In base 7, what is -63 + 226?
133
In base 10, what is -377 - -50?
-327
In base 8, what is -66412 + -4?
-66416
In base 11, what is 40 - -98?
128
In base 7, what is 2 + 1562?
1564
In base 14, what is -3a7 - 1a?
-3c3
In base 8, what is -122 + -107?
-231
In base 3, what is -102212 - -20?
-102122
In base 6, what is 5 - -540?
545
In base 12, what is 2 - 13?
-11
In base 14, what is -3 - -805?
802
In base 16, what is 4 + -104?
-100
In base 3, what is 2020 + 12?
2102
In base 14, what is -b8d - 4?
-b93
In base 8, what is 1 + -77?
-76
In base 6, what is -1443 - 1?
-1444
In base 5, what is -10 + -21?
-31
In base 12, what is -92 - 15?
-a7
In base 11, what is 145 + 2?
147
In base 16, what is e + -2f?
-21
In base 16, what is -14 + d?
-7
In base 6, what is 3445 + 1?
3450
In base 16, what is 407 + 3?
40a
In base 13, what is 2 + -135?
-133
In base 15, what is 1d - -482?
4a0
In base 3, what is 0 - -100021?
100021
In base 16, what is -8e + 9?
-85
In base 4, what is -32100 - 10?
-32110
In base 3, what is -11120 - 122?
-12012
In base 12, what is -91 + 247?
176
In base 9, what is 847 - 3?
844
In base 13, what is -241 + -5?
-246
In base 5, what is -24 + 31?
2
In base 14, what is -1 + 406?
405
In base 16, what is -5 - -36?
31
In base 10, what is -350 - 2?
-352
In base 11, what is -2 + 97?
95
In base 15, what is 3 + 121?
124
In base 10, what is 37 - 5?
32
In base 14, what is -5 - a3?
-a8
In base 7, what is 1 + 20?
21
In base 15, what is 17 + -10?
7
In base 4, what is 123 + -20?
103
In base 4, what is 131 - -100?
231
In base 13, what is -11aa + 1?
-11a9
In base 13, what is 2 - 141?
-13c
In base 13, what is 5 + -318?
-313
In base 10, what is 1 + -50?
-49
In base 13, what is 2 + a7?
a9
In base 9, what is -3 - -112?
108
In base 8, what is -24532 + -2?
-24534
In base 13, what is -3 + 8a?
87
In base 14, what is 4c + 8a?
d8
In base 10, what is -57 + -36?
-93
In base 3, what is -11 + 21021?
21010
In base 11, what is 0 - -586?
586
In base 3, what is -200 + 21?
-102
In base 11, what is -3 + 6?
3
In base 10, what is -840 - -8?
-832
In base 9, what is 2 - 2308?
-2306
In base 6, what is 22 + -21?
1
In base 13, what is -4 - 2524?
-2528
In base 16, what is -d - 1?
-e
In base 10, what is 5 - -483?
488
In base 12, what is -21 - b5?
-116
In base 9, what is 0 + -78?
-78
In base 15, what is 70 - 22?
4d
In base 10, what is 103 - 69?
34
In base 8, what is 5 - -1332?
1337
In base 7, what is -2204 + 0?
-2204
In base 13, what is -17 + -7?
-21
In base 13, what is -10c - 5?
-114
In base 11, what is 3 + 1192?
1195
In base 7, what is 11224 - 2?
11222
In base 11, what is 0 + 392?
392
In base 10, what is 161 - -4?
165
In base 15, what is 2 - 14?
-12
In base 3, what is 221 - 111?
110
In base 2, what is -1111000 + 101101?
-1001011
In base 12, what is 7 - 33?
-28
In base 12, what is 6 - 150?
-146
In base 2, what is -110100100 - 0?
-110100100
In base 5, what is -212 + 114?
-43
In base 11, what is -15 + 162?
148
In base 4, what is -11 + -120?
-131
In base 4, what is -22 + 1212?
1130
In base 9, what is 1 + 81?
82
In base 7, what is -12064 - 1?
-12065
In base 15, what is -c0 + -19?
-d9
In base 2, what is -10000010 + 0?
-10000010
In base 3, what is -1 - 10221120?
-10221121
In base 5, what is 34 + 202?
241
In base 15, what is -17d6 + -4?
-17da
In base 6, what is 10 - -53?
103
In base 11, what is 5 - -1484?
1489
In base 13, what is 5 - aa?
-a5
In base 9, what is -11 - -213?
202
In base 4, what is 2012231 - 3?
2012222
In base 4, what is 1321 - -10?
1331
In base 8, what is -326 + -71?
-417
In base 14, what is 1 - 99b?
-99a
In base 16, what is 5a + -55?
5
In base 2, what is 11001010 + 10?
11001100
In base 6, what is 314 - -4?
322
In base 6, what is -354 - 0?
-354
In base 7, what is -11 - -444?
433
In base 3, what is 102 - -11?
120
In base 4, what is 10 - 1313?
-1303
In base 12, what is -396 + -12?
-3a8
In base 13, what is -1cc - 0?
-1cc
In base 10, what is 2 - 51?
-49
In base 10, what is -229 + 1?
-228
In base 15, what is 5 - 92?
-8c
In base 4, what is -13000 - -23?
-12311
In base 11, what is 5 - -338?
342
In base 11, what is -21 - 256?
-277
In base 8, what is 556 - -1?
557
In base 7, what is 41055 + -3?
41052
In base 2, what is 1001 - 100010?
-11001
In base 4, what is -101 - -20?
-21
In base 12, what is 20 - 100?
-a0
In base 4, what is 232 + 3?
301
In base 6, what is -1 - -31340?
31335
In base 16, what is 53a + 4?
53e
In base 16, what is 8 - 21?
-19
In base 2, what is -11 + -101000?
-101011
In base 11, what is -6 - -2a?
24
In base 7, what is -221 - 1?
-222
In base 15, what is 1d2 + 1?
1d3
In base 8, what is -524 - -1?
-523
In base 5, what is 22 - -200?
222
In base 11, what is 4a1 - -19?
50a
In base 7, what is -5 - -12463?
12455
In base 14, what is 15a + -40?
11a
In base 3, what is -1 - 10222101?
-10222102
In base 6, what is -1 - -43155?
43154
In base 7, what is 226 + -14?
212
In base 5, what is 30 - -3?
33
In base 10, what is 84 + 15?
99
In base 10, what is -66 - 0?
-66
In base 7, what is -5 + -2105?
-2113
In base 2, what is 1010111011 + 1010?
1011000101
In base 6, what is 452 - 23?
425
In base 5, what is -133231 + 1?
-133230
In base 16, what is -2 + -12?
-14
In base 14, what is 3 - -2b9?
2bc
In base 5, what is -14430 - 1?
-14431
In base 16, what is -33b + -2?
-33d
In base 3, what is -201 - 111?
-1012
In base 7, what is 104 + 161?
265
In base 4, what is 12330 + -2?
12322
In base 3, what is 12220211 - 1?
12220210
In base 10, what is -5 + 757?
752
In base 6, what is -4010 - 5?
-4015
In base 7, what is 56201 + 5?
56206
In base 15, what is -4 + 13?
e
In base 3, what is 1202022 + 0?
1202022
In base 2, what is -100 + -100010100?
-100011000
In base 6, what is 2 - 111?
-105
In base 7, what is -5 + -246?
-254
In base 11, what is -1 - -198?
197
In base 7, what is -16026 + -4?
-16033
In base 7, what is -255 + -5?
-263
In base 4, what is 2 + 1?
3
In base 2, what is -10101 - -10010?
-11
In base 6, what is -314 - -2?
-312
In base 11, what is -1 + -597?
-598
In base 3, what is -11 + -2000221?
-2001002
In base 7, what is -104211 - 4?
-104215
In base 3, what is 200000 - 12?
122211
In base 6, what is 352 + 1?
353
In base 7, what is 246 + 22?
301
In base 10, what is 3790 + 3?
3793
In base 15, what is b - 0?
b
In base 4, what is 121033 - 2?
121031
In base 10, what is -1 - 271?
-272
In base 8, what is 421 + -42?
357
In base 2, what is -10 - -1001?
111
In base 11, what is -14 + -251?
-265
In base 5, what is 0 + 142231?
142231
In base 16, what is e8 - f?
d9
In base 10, what is -7 - -38?
31
In base 9, what is 0 - -50?
50
In base 14, what is 234 - 0?
234
In base 5, what is 1 - 2044?
-2043
In base 6, what is 112132 - 5?
112123
In base 16, what is 2 - -2c?
2e
In base 5, what is 10123 - 10?
10113
In base 3, what is -112 - 10?
-122
In base 3, what is 1000 - -2?
1002
In base 8, what is -542 + -53?
-615
In base 8, what is -67 + 173?
104
In base 10, what is 0 - 15?
-15
In base 7, what is 213 - 22?
161
In base 13, what is -4 + -b4?
-b8
In base 12, what is -1 - 47?
-48
In base 9, what is -2214 + -5?
-2220
In base 9, what is 12 - 8?
3
In base 2, what is -10 + -10000001?
-10000011
In base 4, what is 1010 - 1?
1003
In base 9, what is -214 + 4?
-210
In base 11, what is -34 - -1?
-33
In base 12, what is 19 - -3?
20
In b